{"id":2393,"date":"2024-01-31T11:00:30","date_gmt":"2024-01-31T14:00:30","guid":{"rendered":"https:\/\/campusff.ms.gba.gov.ar\/comunidaddea-ff\/?page_id=2393"},"modified":"2025-02-04T12:00:13","modified_gmt":"2025-02-04T15:00:13","slug":"lista-de-contactos","status":"publish","type":"page","link":"https:\/\/campusff.ms.gba.gov.ar\/comunidaddea-ff\/lista-de-contactos\/","title":{"rendered":"Lista de contactos"},"content":{"rendered":"\n<ul class=\"wp-block-list\">\n<li>Biblioteca. Centro de documentaci\u00f3n en Salud: <a href=\"mailto:cdsministerio2@gmail.com\">cdsministerio2@gmail.com<\/a><\/li>\n\n\n\n<li>Becas de Investigaci\u00f3n \u201cJulieta Lanteri\u201d: <a href=\"mailto:becaslanteri2024@gmail.com\" target=\"_blank\" rel=\"noreferrer noopener\">becaslanteri2024@gmail.com<\/a><\/li>\n\n\n\n<li>Cebas: <a href=\"mailto:programacebas@ms.gba.gov.ar\">programacebas@ms.gba.gov.ar<\/a><\/li>\n\n\n\n<li>Cooperaci\u00f3n t\u00e9cnica: <a href=\"mailto:cooperaciontecnicaff@gmail.com\">cooperaciontecnicaff@gmail.com<\/a><\/li>\n\n\n\n<li>Direcci\u00f3n de Formaci\u00f3n y Educaci\u00f3n Permanente: <a href=\"mailto:dir.formacionyedupe.ff@gmail.com\">dir.formacionyedupe.ff@gmail.com<\/a> \/ <a href=\"mailto:docenciaycapacitacion@ms.gba.gov.ar\">docenciaycapacitacion@ms.gba.gov.ar<\/a><\/li>\n\n\n\n<li>Direcci\u00f3n Provincial Escuela de Gobierno en Salud \u201cFloreal Ferrara\u201d: <a href=\"mailto:escueladegobiernoff@gmail.com\">escueladegobiernoff@gmail.com<\/a><\/li>\n\n\n\n<li>Enfermer\u00eda: <a href=\"mailto:programaenfermeria.nc@gmail.com\">programaenfermeria.nc@gmail.com<\/a><\/li>\n\n\n\n<li>Espacio Educativo Virtual (EVA):&nbsp;<a href=\"mailto:eva.mesadeayuda@gmail.com\">eva.mesadeayuda@gmail.com<\/a><\/li>\n\n\n\n<li>Gesti\u00f3n acad\u00e9mica: <a href=\"mailto:gestionacademicaff@gmail.com\">gestionacademicaff@gmail.com<\/a><\/li>\n\n\n\n<li>Ley Micaela: <a href=\"mailto:leymicaelasaludpba@gmail.com\">leymicaelasaludpba@gmail.com<\/a><\/li>\n\n\n\n<li>Unidad Pedag\u00f3gica (UP), Central Escuela de Gobierno en Salud \u201cFloreal Ferrara\u201d, La Plata: <a href=\"mailto:unidadpedagogicacentral@gmail.com\">unidadpedagogicacentral@gmail.com<\/a><\/li>\n\n\n\n<li>Plataforma Educativa Virtual (PEV): <a href=\"mailto:ayudapev@ms.gba.gov.ar\">ayudapev@ms.gba.gov.ar<\/a><\/li>\n\n\n\n<li>Polit\u00e9cnico: <a href=\"mailto:politecnico.eff@gmail.com\">politecnico.eff@gmail.com<\/a><\/li>\n\n\n\n<li>Residencias en Red: <a href=\"mailto:dir.formacionyedup.ff@gmail.com\">dir.formacionyedup.ff@gmail.com<\/a><\/li>\n\n\n\n<li>Direcci\u00f3n de Informaci\u00f3n en Salud: <a href=\"mailto:formacion.dis.pba@gmail.com\">formacion.dis.pba@gmail.com<\/a><\/li>\n\n\n\n<li><strong><mark class=\"has-inline-color has-vivid-cyan-blue-color\">Diplomaturas<\/mark><\/strong><mark class=\"has-inline-color has-vivid-cyan-blue-color\">:<\/mark><\/li>\n\n\n\n<li>Diplomatura Universitaria en VIH, ITS y Sexualidades: Abordajes situados desde los Derechos Humanos y la Salud Integral \u2013 Tercera cohorte: <a href=\"mailto:diplomaturavih.ff@gmail.com\">diplomaturavih.ff@gmail.com<\/a><\/li>\n\n\n\n<li>Diplomatura de Equidad de G\u00e9nero en Salud:<\/li>\n\n\n\n<li>Diplomatura de Formaci\u00f3n de Formadores en Docencia e Investigaci\u00f3n de Salud: <a href=\"mailto:diplosegi.ff@gmail.com\">diplosegi.ff@gmail.com<\/a><\/li>\n\n\n\n<li>Diplomatura de Pol\u00edticas P\u00fablicas en Salud Mental:<\/li>\n\n\n\n<li>Diplomatura en Salud Digital: <\/li>\n\n\n\n<li>Diplomatura en Gesti\u00f3n de los Conflictos y Violencias Laborales:<\/li>\n\n\n\n<li>Diplomatura Abordaje Integral de las Violencias Familiares y por Razones de G\u00e9nero:<\/li>\n\n\n\n<li>Diplomatura en Atenci\u00f3n Primaria de la Salud y Salud Comunitaria:<\/li>\n\n\n\n<li>Diplomatura en Pediatr\u00eda Social: Cuidados, Derechos y Aprendizajes:<\/li>\n\n\n\n<li>Diplomatura en Gesti\u00f3n Estrat\u00e9gica de los Servicios de Salud:<\/li>\n\n\n\n<li>Diplomatura en Liderazgo y Gesti\u00f3n en el Campo de la Enfermer\u00eda con Perspectiva Estrat\u00e9gica:<\/li>\n\n\n\n<li>Diplomatura en Salud Internacional: <a href=\"mailto:dip.saludinternacional.ff@gmail.com\">dip.saludinternacional.ff@gmail.com<\/a><\/li>\n\n\n\n<li><strong><mark class=\"has-inline-color has-vivid-cyan-blue-color\">Cursos<\/mark><\/strong><mark class=\"has-inline-color has-vivid-cyan-blue-color\">:<\/mark><\/li>\n\n\n\n<li>Curso de coordinaci\u00f3n hospitalaria en procesos de procuraci\u00f3n y trasplante: <a href=\"mailto:cursocoordhtal@gmail.com\" target=\"_blank\" rel=\"noreferrer noopener\">cursocoordhtal@gmail.com<\/a><\/li>\n\n\n\n<li>Curso de Verano 2024: <a href=\"cursodeverano2024.ff@gmail.com\" data-type=\"link\" data-id=\"cursodeverano2024.ff@gmail.com\">cursodeverano2024.ff@gmail.com<\/a><\/li>\n\n\n\n<li>Curso PAI: <a rel=\"noreferrer noopener\" href=\"mailto:cursopaimsal.ff@gmail.com\" target=\"_blank\">cursopaimsal.ff@gmail.com<\/a><\/li>\n\n\n\n<li>Curso de Verano 2025: <a href=\"mailto:cursodeverano2025.ff@gmail.com\">cursodeverano2025.ff@gmail.com<\/a> <\/li>\n<\/ul>\n\n\n\n<p><\/p>\n","protected":false},"excerpt":{"rendered":"","protected":false},"author":4,"featured_media":0,"parent":0,"menu_order":0,"comment_status":"closed","ping_status":"closed","template":"","meta":{"footnotes":""},"class_list":["post-2393","page","type-page","status-publish","hentry"],"_links":{"self":[{"href":"https:\/\/campusff.ms.gba.gov.ar\/comunidaddea-ff\/wp-json\/wp\/v2\/pages\/2393","targetHints":{"allow":["GET"]}}],"collection":[{"href":"https:\/\/campusff.ms.gba.gov.ar\/comunidaddea-ff\/wp-json\/wp\/v2\/pages"}],"about":[{"href":"https:\/\/campusff.ms.gba.gov.ar\/comunidaddea-ff\/wp-json\/wp\/v2\/types\/page"}],"author":[{"embeddable":true,"href":"https:\/\/campusff.ms.gba.gov.ar\/comunidaddea-ff\/wp-json\/wp\/v2\/users\/4"}],"replies":[{"embeddable":true,"href":"https:\/\/campusff.ms.gba.gov.ar\/comunidaddea-ff\/wp-json\/wp\/v2\/comments?post=2393"}],"version-history":[{"count":15,"href":"https:\/\/campusff.ms.gba.gov.ar\/comunidaddea-ff\/wp-json\/wp\/v2\/pages\/2393\/revisions"}],"predecessor-version":[{"id":2900,"href":"https:\/\/campusff.ms.gba.gov.ar\/comunidaddea-ff\/wp-json\/wp\/v2\/pages\/2393\/revisions\/2900"}],"wp:attachment":[{"href":"https:\/\/campusff.ms.gba.gov.ar\/comunidaddea-ff\/wp-json\/wp\/v2\/media?parent=2393"}],"curies":[{"name":"wp","href":"https:\/\/api.w.org\/{rel}","templated":true}]}}

<ul class="wp-block-list">
<li>Biblioteca. Centro de documentación en Salud: <a href="mailto:cdsministerio2@gmail.com">cdsministerio2@gmail.com</a></li>



<li>Becas de Investigación “Julieta Lanteri”: <a href="mailto:becaslanteri2024@gmail.com" target="_blank" rel="noreferrer noopener">becaslanteri2024@gmail.com</a></li>



<li>Cebas: <a href="mailto:programacebas@ms.gba.gov.ar">programacebas@ms.gba.gov.ar</a></li>



<li>Cooperación técnica: <a href="mailto:cooperaciontecnicaff@gmail.com">cooperaciontecnicaff@gmail.com</a></li>



<li>Dirección de Formación y Educación Permanente: <a href="mailto:dir.formacionyedupe.ff@gmail.com">dir.formacionyedupe.ff@gmail.com</a> / <a href="mailto:docenciaycapacitacion@ms.gba.gov.ar">docenciaycapacitacion@ms.gba.gov.ar</a></li>



<li>Dirección Provincial Escuela de Gobierno en Salud “Floreal Ferrara”: <a href="mailto:escueladegobiernoff@gmail.com">escueladegobiernoff@gmail.com</a></li>



<li>Enfermería: <a href="mailto:programaenfermeria.nc@gmail.com">programaenfermeria.nc@gmail.com</a></li>



<li>Espacio Educativo Virtual (EVA):&nbsp;<a href="mailto:eva.mesadeayuda@gmail.com">eva.mesadeayuda@gmail.com</a></li>



<li>Gestión académica: <a href="mailto:gestionacademicaff@gmail.com">gestionacademicaff@gmail.com</a></li>



<li>Ley Micaela: <a href="mailto:leymicaelasaludpba@gmail.com">leymicaelasaludpba@gmail.com</a></li>



<li>Unidad Pedagógica (UP), Central Escuela de Gobierno en Salud “Floreal Ferrara”, La Plata: <a href="mailto:unidadpedagogicacentral@gmail.com">unidadpedagogicacentral@gmail.com</a></li>



<li>Plataforma Educativa Virtual (PEV): <a href="mailto:ayudapev@ms.gba.gov.ar">ayudapev@ms.gba.gov.ar</a></li>



<li>Politécnico: <a href="mailto:politecnico.eff@gmail.com">politecnico.eff@gmail.com</a></li>



<li>Residencias en Red: <a href="mailto:dir.formacionyedup.ff@gmail.com">dir.formacionyedup.ff@gmail.com</a></li>



<li>Dirección de Información en Salud: <a href="mailto:formacion.dis.pba@gmail.com">formacion.dis.pba@gmail.com</a></li>



<li><strong><mark class="has-inline-color has-vivid-cyan-blue-color">Diplomaturas</mark></strong><mark class="has-inline-color has-vivid-cyan-blue-color">:</mark></li>



<li>Diplomatura Universitaria en VIH, ITS y Sexualidades: Abordajes situados desde los Derechos Humanos y la Salud Integral – Tercera cohorte: <a href="mailto:diplomaturavih.ff@gmail.com">diplomaturavih.ff@gmail.com</a></li>



<li>Diplomatura de Equidad de Género en Salud:</li>



<li>Diplomatura de Formación de Formadores en Docencia e Investigación de Salud: <a href="mailto:diplosegi.ff@gmail.com">diplosegi.ff@gmail.com</a></li>



<li>Diplomatura de Políticas Públicas en Salud Mental:</li>



<li>Diplomatura en Salud Digital: </li>



<li>Diplomatura en Gestión de los Conflictos y Violencias Laborales:</li>



<li>Diplomatura Abordaje Integral de las Violencias Familiares y por Razones de Género:</li>



<li>Diplomatura en Atención Primaria de la Salud y Salud Comunitaria:</li>



<li>Diplomatura en Pediatría Social: Cuidados, Derechos y Aprendizajes:</li>



<li>Diplomatura en Gestión Estratégica de los Servicios de Salud:</li>



<li>Diplomatura en Liderazgo y Gestión en el Campo de la Enfermería con Perspectiva Estratégica:</li>



<li>Diplomatura en Salud Internacional: <a href="mailto:dip.saludinternacional.ff@gmail.com">dip.saludinternacional.ff@gmail.com</a></li>



<li><strong><mark class="has-inline-color has-vivid-cyan-blue-color">Cursos</mark></strong><mark class="has-inline-color has-vivid-cyan-blue-color">:</mark></li>



<li>Curso de coordinación hospitalaria en procesos de procuración y trasplante: <a href="mailto:cursocoordhtal@gmail.com" target="_blank" rel="noreferrer noopener">cursocoordhtal@gmail.com</a></li>



<li>Curso de Verano 2024: <a href="cursodeverano2024.ff@gmail.com" data-type="link" data-id="cursodeverano2024.ff@gmail.com">cursodeverano2024.ff@gmail.com</a></li>



<li>Curso PAI: <a rel="noreferrer noopener" href="mailto:cursopaimsal.ff@gmail.com" target="_blank">cursopaimsal.ff@gmail.com</a></li>



<li>Curso de Verano 2025: <a href="mailto:cursodeverano2025.ff@gmail.com">cursodeverano2025.ff@gmail.com</a> </li>
</ul>



<p></p>
