{"id":1943,"date":"2023-10-08T23:06:30","date_gmt":"2023-10-09T02:06:30","guid":{"rendered":"https:\/\/campusff.ms.gba.gov.ar\/comunidaddea-ff\/?page_id=1943"},"modified":"2024-04-08T10:33:30","modified_gmt":"2024-04-08T13:33:30","slug":"1943-2","status":"publish","type":"page","link":"https:\/\/campusff.ms.gba.gov.ar\/comunidaddea-ff\/1943-2\/","title":{"rendered":"Comunidad de aprendizajes, construcci\u00f3n colectiva del derecho a la salud"},"content":{"rendered":"\t\t<div data-elementor-type=\"wp-page\" data-elementor-id=\"1943\" class=\"elementor elementor-1943\">\n\t\t\t\t\t\t\t<div class=\"elementor-element elementor-element-7e7a187 e-flex e-con-boxed e-con e-parent\" data-id=\"7e7a187\" data-element_type=\"container\" data-settings=\"{&quot;content_width&quot;:&quot;boxed&quot;}\" data-core-v316-plus=\"true\">\n\t\t\t\t\t<div class=\"e-con-inner\">\n\t\t\t\t<div class=\"elementor-element elementor-element-e3b4ff1 elementor-widget elementor-widget-text-editor\" data-id=\"e3b4ff1\" data-element_type=\"widget\" data-widget_type=\"text-editor.default\">\n\t\t\t\t<div class=\"elementor-widget-container\">\n\t\t\t<style>\/*! elementor - v3.16.0 - 20-09-2023 *\/\n.elementor-widget-text-editor.elementor-drop-cap-view-stacked .elementor-drop-cap{background-color:#69727d;color:#fff}.elementor-widget-text-editor.elementor-drop-cap-view-framed .elementor-drop-cap{color:#69727d;border:3px solid;background-color:transparent}.elementor-widget-text-editor:not(.elementor-drop-cap-view-default) .elementor-drop-cap{margin-top:8px}.elementor-widget-text-editor:not(.elementor-drop-cap-view-default) .elementor-drop-cap-letter{width:1em;height:1em}.elementor-widget-text-editor .elementor-drop-cap{float:left;text-align:center;line-height:1;font-size:50px}.elementor-widget-text-editor .elementor-drop-cap-letter{display:inline-block}<\/style>\t\t\t\t<p class=\"has-normal-font-size\">La\u00a0<strong>Escuela de Gobierno en Salud \u201cFloreal Ferrara\u201d<\/strong>, es una instituci\u00f3n especializada en el campo de la educaci\u00f3n, la investigaci\u00f3n y la cooperaci\u00f3n t\u00e9cnica del Ministerio de Salud de la Provincia de Buenos Aires.<\/p><p class=\"has-normal-font-size\">Tiene a su cargo una amplia diversidad de propuestas educativas formales: secundarios de adultos con orientaci\u00f3n en salud (CEBAS), un polit\u00e9cnico en salud, enfermer\u00eda t\u00e9cnico superior, residencias profesionales, cursos y diplomas en diversas \u00e1reas de la salud colectiva.<\/p><p class=\"has-normal-font-size\"><strong>Comunidad de Aprendizajes<\/strong>\u00a0es una invitaci\u00f3n abierta a los equipos de salud de toda la provincia a ser parte de una construcci\u00f3n social que se orienta al logro del efectivo ejercicio del\u00a0derecho a la salud de toda la poblaci\u00f3n.\u00a0<\/p><p class=\"has-normal-font-size\"><strong>\u00bfC\u00f3mo participar?<\/strong>\u00a0Incorpor\u00e1ndote a alguna de nuestras propuestas educativas, comunicando y poniendo en red las experiencias e iniciativas de tu instituci\u00f3n, solicitando u ofreciendo cooperaci\u00f3n t\u00e9cnica especializada, recibiendo y difundiendo informaci\u00f3n cient\u00edfica verificada, protocolos y disposiciones de pol\u00edticas p\u00fablicas.<\/p><p class=\"has-normal-font-size\">Si quer\u00e9s ser parte o ya realizaste actividades en la Escuela, si visualiz\u00e1s campos de tu inter\u00e9s, si quer\u00e9s recibir informaci\u00f3n y\/o novedades complet\u00e1 el formulario y\/o marc\u00e1 las opciones.\u00a0<\/p><p class=\"has-text-align-left has-normal-font-size\">Para conocer m\u00e1s de nuestras actividades nos pod\u00e9s visitar en nuestras redes y <a href=\"https:\/\/campusff.ms.gba.gov.ar\/comunidaddea-ff\/2452-2\/\">suscribirte a las novedades<\/a>.<\/p><p class=\"has-text-align-left has-normal-font-size\">Contacto: <a href=\"mailto:comunidaddeaprendizajes.ff@gmail.com\">comunidaddeaprendizajes.ff@gmail.com<\/a><\/p>\t\t\t\t\t\t<\/div>\n\t\t\t\t<\/div>\n\t\t\t\t\t<\/div>\n\t\t\t\t<\/div>\n\t\t<div class=\"elementor-element elementor-element-7c50bb3 e-flex e-con-boxed e-con e-parent\" data-id=\"7c50bb3\" data-element_type=\"container\" data-settings=\"{&quot;content_width&quot;:&quot;boxed&quot;}\" data-core-v316-plus=\"true\">\n\t\t\t\t\t<div class=\"e-con-inner\">\n\t\t\t\t<div class=\"elementor-element elementor-element-7380aa4 elementor-widget elementor-widget-image\" data-id=\"7380aa4\" data-element_type=\"widget\" data-widget_type=\"image.default\">\n\t\t\t\t<div class=\"elementor-widget-container\">\n\t\t\t<style>\/*! elementor - v3.16.0 - 20-09-2023 *\/\n.elementor-widget-image{text-align:center}.elementor-widget-image a{display:inline-block}.elementor-widget-image a img[src$=\".svg\"]{width:48px}.elementor-widget-image img{vertical-align:middle;display:inline-block}<\/style>\t\t\t\t\t\t\t\t\t\t\t\t<img loading=\"lazy\" decoding=\"async\" width=\"660\" height=\"371\" src=\"https:\/\/campusff.ms.gba.gov.ar\/comunidaddea-ff\/wp-content\/uploads\/sites\/3\/2023\/11\/fachada-Escuela-768x432.jpg\" class=\"attachment-medium_large size-medium_large wp-image-2122\" alt=\"\" srcset=\"https:\/\/campusff.ms.gba.gov.ar\/comunidaddea-ff\/wp-content\/uploads\/sites\/3\/2023\/11\/fachada-Escuela-768x432.jpg 768w, https:\/\/campusff.ms.gba.gov.ar\/comunidaddea-ff\/wp-content\/uploads\/sites\/3\/2023\/11\/fachada-Escuela-300x169.jpg 300w, https:\/\/campusff.ms.gba.gov.ar\/comunidaddea-ff\/wp-content\/uploads\/sites\/3\/2023\/11\/fachada-Escuela-1024x576.jpg 1024w, https:\/\/campusff.ms.gba.gov.ar\/comunidaddea-ff\/wp-content\/uploads\/sites\/3\/2023\/11\/fachada-Escuela-1536x864.jpg 1536w, https:\/\/campusff.ms.gba.gov.ar\/comunidaddea-ff\/wp-content\/uploads\/sites\/3\/2023\/11\/fachada-Escuela.jpg 2048w\" sizes=\"auto, (max-width: 660px) 100vw, 660px\" \/>\t\t\t\t\t\t\t\t\t\t\t\t\t\t\t<\/div>\n\t\t\t\t<\/div>\n\t\t\t\t\t<\/div>\n\t\t\t\t<\/div>\n\t\t\t\t\t\t\t<\/div>\n\t\t","protected":false},"excerpt":{"rendered":"<p>La\u00a0Escuela de Gobierno en Salud \u201cFloreal Ferrara\u201d, es una instituci\u00f3n especializada en el campo de la educaci\u00f3n, la investigaci\u00f3n y la cooperaci\u00f3n t\u00e9cnica del Ministerio de Salud de la Provincia de Buenos Aires. Tiene a [&hellip;]<\/p>\n","protected":false},"author":2,"featured_media":0,"parent":0,"menu_order":0,"comment_status":"closed","ping_status":"closed","template":"","meta":{"footnotes":""},"class_list":["post-1943","page","type-page","status-publish","hentry"],"_links":{"self":[{"href":"https:\/\/campusff.ms.gba.gov.ar\/comunidaddea-ff\/wp-json\/wp\/v2\/pages\/1943","targetHints":{"allow":["GET"]}}],"collection":[{"href":"https:\/\/campusff.ms.gba.gov.ar\/comunidaddea-ff\/wp-json\/wp\/v2\/pages"}],"about":[{"href":"https:\/\/campusff.ms.gba.gov.ar\/comunidaddea-ff\/wp-json\/wp\/v2\/types\/page"}],"author":[{"embeddable":true,"href":"https:\/\/campusff.ms.gba.gov.ar\/comunidaddea-ff\/wp-json\/wp\/v2\/users\/2"}],"replies":[{"embeddable":true,"href":"https:\/\/campusff.ms.gba.gov.ar\/comunidaddea-ff\/wp-json\/wp\/v2\/comments?post=1943"}],"version-history":[{"count":53,"href":"https:\/\/campusff.ms.gba.gov.ar\/comunidaddea-ff\/wp-json\/wp\/v2\/pages\/1943\/revisions"}],"predecessor-version":[{"id":2456,"href":"https:\/\/campusff.ms.gba.gov.ar\/comunidaddea-ff\/wp-json\/wp\/v2\/pages\/1943\/revisions\/2456"}],"wp:attachment":[{"href":"https:\/\/campusff.ms.gba.gov.ar\/comunidaddea-ff\/wp-json\/wp\/v2\/media?parent=1943"}],"curies":[{"name":"wp","href":"https:\/\/api.w.org\/{rel}","templated":true}]}}

Comunidad de aprendizajes, construcción colectiva del derecho a la salud

<div data-elementor-type="wp-page" data-elementor-id="1943" class="elementor elementor-1943">
							<div class="elementor-element elementor-element-7e7a187 e-flex e-con-boxed e-con e-parent" data-id="7e7a187" data-element_type="container" data-settings="{&quot;content_width&quot;:&quot;boxed&quot;}" data-core-v316-plus="true">
					<div class="e-con-inner">
				<div class="elementor-element elementor-element-e3b4ff1 elementor-widget elementor-widget-text-editor" data-id="e3b4ff1" data-element_type="widget" data-widget_type="text-editor.default">
				<div class="elementor-widget-container">
			<style>/*! elementor - v3.16.0 - 20-09-2023 */
.elementor-widget-text-editor.elementor-drop-cap-view-stacked .elementor-drop-cap{background-color:#69727d;color:#fff}.elementor-widget-text-editor.elementor-drop-cap-view-framed .elementor-drop-cap{color:#69727d;border:3px solid;background-color:transparent}.elementor-widget-text-editor:not(.elementor-drop-cap-view-default) .elementor-drop-cap{margin-top:8px}.elementor-widget-text-editor:not(.elementor-drop-cap-view-default) .elementor-drop-cap-letter{width:1em;height:1em}.elementor-widget-text-editor .elementor-drop-cap{float:left;text-align:center;line-height:1;font-size:50px}.elementor-widget-text-editor .elementor-drop-cap-letter{display:inline-block}</style>				<p class="has-normal-font-size">La <strong>Escuela de Gobierno en Salud “Floreal Ferrara”</strong>, es una institución especializada en el campo de la educación, la investigación y la cooperación técnica del Ministerio de Salud de la Provincia de Buenos Aires.</p><p class="has-normal-font-size">Tiene a su cargo una amplia diversidad de propuestas educativas formales: secundarios de adultos con orientación en salud (CEBAS), un politécnico en salud, enfermería técnico superior, residencias profesionales, cursos y diplomas en diversas áreas de la salud colectiva.</p><p class="has-normal-font-size"><strong>Comunidad de Aprendizajes</strong> es una invitación abierta a los equipos de salud de toda la provincia a ser parte de una construcción social que se orienta al logro del efectivo ejercicio del derecho a la salud de toda la población. </p><p class="has-normal-font-size"><strong>¿Cómo participar?</strong> Incorporándote a alguna de nuestras propuestas educativas, comunicando y poniendo en red las experiencias e iniciativas de tu institución, solicitando u ofreciendo cooperación técnica especializada, recibiendo y difundiendo información científica verificada, protocolos y disposiciones de políticas públicas.</p><p class="has-normal-font-size">Si querés ser parte o ya realizaste actividades en la Escuela, si visualizás campos de tu interés, si querés recibir información y/o novedades completá el formulario y/o marcá las opciones. </p><p class="has-text-align-left has-normal-font-size">Para conocer más de nuestras actividades nos podés visitar en nuestras redes y <a href="https://campusff.ms.gba.gov.ar/comunidaddea-ff/2452-2/">suscribirte a las novedades</a>.</p><p class="has-text-align-left has-normal-font-size">Contacto: <a href="mailto:comunidaddeaprendizajes.ff@gmail.com">comunidaddeaprendizajes.ff@gmail.com</a></p>						</div>
				</div>
					</div>
				</div>
		<div class="elementor-element elementor-element-7c50bb3 e-flex e-con-boxed e-con e-parent" data-id="7c50bb3" data-element_type="container" data-settings="{&quot;content_width&quot;:&quot;boxed&quot;}" data-core-v316-plus="true">
					<div class="e-con-inner">
				<div class="elementor-element elementor-element-7380aa4 elementor-widget elementor-widget-image" data-id="7380aa4" data-element_type="widget" data-widget_type="image.default">
				<div class="elementor-widget-container">
			<style>/*! elementor - v3.16.0 - 20-09-2023 */
.elementor-widget-image{text-align:center}.elementor-widget-image a{display:inline-block}.elementor-widget-image a img[src$=".svg"]{width:48px}.elementor-widget-image img{vertical-align:middle;display:inline-block}</style>												<img loading="lazy" decoding="async" width="660" height="371" src="https://campusff.ms.gba.gov.ar/comunidaddea-ff/wp-content/uploads/sites/3/2023/11/fachada-Escuela-768x432.jpg" class="attachment-medium_large size-medium_large wp-image-2122" alt="" srcset="https://campusff.ms.gba.gov.ar/comunidaddea-ff/wp-content/uploads/sites/3/2023/11/fachada-Escuela-768x432.jpg 768w, https://campusff.ms.gba.gov.ar/comunidaddea-ff/wp-content/uploads/sites/3/2023/11/fachada-Escuela-300x169.jpg 300w, https://campusff.ms.gba.gov.ar/comunidaddea-ff/wp-content/uploads/sites/3/2023/11/fachada-Escuela-1024x576.jpg 1024w, https://campusff.ms.gba.gov.ar/comunidaddea-ff/wp-content/uploads/sites/3/2023/11/fachada-Escuela-1536x864.jpg 1536w, https://campusff.ms.gba.gov.ar/comunidaddea-ff/wp-content/uploads/sites/3/2023/11/fachada-Escuela.jpg 2048w" sizes="auto, (max-width: 660px) 100vw, 660px" />															</div>
				</div>
					</div>
				</div>
							</div>

<p>La Escuela de Gobierno en Salud “Floreal Ferrara”, es una institución especializada en el campo de la educación, la investigación y la cooperación técnica del Ministerio de Salud de la Provincia de Buenos Aires. Tiene a [&hellip;]</p>
