{"id":146,"date":"2021-10-26T09:51:11","date_gmt":"2021-10-26T12:51:11","guid":{"rendered":"https:\/\/campusff.ms.gba.gov.ar\/comunidaddea-ff\/?page_id=146"},"modified":"2022-11-11T12:40:43","modified_gmt":"2022-11-11T15:40:43","slug":"diplomatura-de-equidad-de-genero-en-salud","status":"publish","type":"page","link":"https:\/\/campusff.ms.gba.gov.ar\/comunidaddea-ff\/diplomatura-de-equidad-de-genero-en-salud\/","title":{"rendered":"Diplomatura Universitaria de Equidad de G\u00e9nero en Salud"},"content":{"rendered":"\n<div class=\"wp-block-image\"><figure class=\"aligncenter size-large is-resized\"><img loading=\"lazy\" decoding=\"async\" src=\"https:\/\/campusff.ms.gba.gov.ar\/comunidaddea-ff\/wp-content\/uploads\/sites\/3\/2021\/10\/Diplo-4-1024x1024.jpg\" alt=\"Equidad de g\u00e9nero en salud\" class=\"wp-image-42\" width=\"512\" height=\"512\" srcset=\"https:\/\/campusff.ms.gba.gov.ar\/comunidaddea-ff\/wp-content\/uploads\/sites\/3\/2021\/10\/Diplo-4-1024x1024.jpg 1024w, https:\/\/campusff.ms.gba.gov.ar\/comunidaddea-ff\/wp-content\/uploads\/sites\/3\/2021\/10\/Diplo-4-300x300.jpg 300w, https:\/\/campusff.ms.gba.gov.ar\/comunidaddea-ff\/wp-content\/uploads\/sites\/3\/2021\/10\/Diplo-4-150x150.jpg 150w, https:\/\/campusff.ms.gba.gov.ar\/comunidaddea-ff\/wp-content\/uploads\/sites\/3\/2021\/10\/Diplo-4-768x768.jpg 768w, https:\/\/campusff.ms.gba.gov.ar\/comunidaddea-ff\/wp-content\/uploads\/sites\/3\/2021\/10\/Diplo-4-730x730.jpg 730w, https:\/\/campusff.ms.gba.gov.ar\/comunidaddea-ff\/wp-content\/uploads\/sites\/3\/2021\/10\/Diplo-4-365x365.jpg 365w, https:\/\/campusff.ms.gba.gov.ar\/comunidaddea-ff\/wp-content\/uploads\/sites\/3\/2021\/10\/Diplo-4-540x540.jpg 540w, https:\/\/campusff.ms.gba.gov.ar\/comunidaddea-ff\/wp-content\/uploads\/sites\/3\/2021\/10\/Diplo-4-270x270.jpg 270w, https:\/\/campusff.ms.gba.gov.ar\/comunidaddea-ff\/wp-content\/uploads\/sites\/3\/2021\/10\/Diplo-4-732x732.jpg 732w, https:\/\/campusff.ms.gba.gov.ar\/comunidaddea-ff\/wp-content\/uploads\/sites\/3\/2021\/10\/Diplo-4-366x366.jpg 366w, https:\/\/campusff.ms.gba.gov.ar\/comunidaddea-ff\/wp-content\/uploads\/sites\/3\/2021\/10\/Diplo-4.jpg 1080w\" sizes=\"auto, (max-width: 512px) 100vw, 512px\" \/><\/figure><\/div>\n\n\n\n<p><strong>Objetivos generales<\/strong><\/p>\n\n\n\n<ul class=\"wp-block-list\"><li>Construir un pensar colectivo y una praxis feminista para la gesti\u00f3n en salud.<\/li><li>Transversalizar la perspectiva de g\u00e9nero y derechos en las pr\u00e1cticas de salud del territorio.<\/li><\/ul>\n\n\n\n<p><strong>Destinado a:<\/strong><\/p>\n\n\n\n<ul class=\"wp-block-list\"><li>Equipos de salud del primer y segundo nivel de atenci\u00f3n.<\/li><li>Referentes de Programas de la Direcci\u00f3n Provincial de Equidad de G\u00e9nero en Salud y de la Escuela de Gobierno en Salud FF.<\/li><li>Referentes de organizaciones sociales y comunitarias.<\/li><li>Otres posibles interesades que trabajan en la tem\u00e1tica.<\/li><\/ul>\n\n\n\n<p><strong>Archivos adjuntos<\/strong><\/p>\n\n\n\n<p><a rel=\"noreferrer noopener\" href=\"https:\/\/campusff.ms.gba.gov.ar\/comunidaddea-ff\/wp-content\/uploads\/sites\/3\/2021\/10\/Diplomatura-de-equidad-de-genero-en-salud.pdf\" target=\"_blank\">Programa (sujeto a modificaciones)<\/a><\/p>\n\n\n\n<p><strong>Pr\u00f3ximamente m\u00e1s informaci\u00f3n<\/strong><\/p>\n","protected":false},"excerpt":{"rendered":"<p>Objetivos generales Construir un pensar colectivo y una praxis feminista para la gesti\u00f3n en salud. Transversalizar la perspectiva de g\u00e9nero y derechos en las pr\u00e1cticas de salud del territorio. Destinado a: Equipos de salud del [&hellip;]<\/p>\n","protected":false},"author":2,"featured_media":42,"parent":0,"menu_order":0,"comment_status":"closed","ping_status":"closed","template":"","meta":{"footnotes":""},"class_list":["post-146","page","type-page","status-publish","has-post-thumbnail","hentry"],"_links":{"self":[{"href":"https:\/\/campusff.ms.gba.gov.ar\/comunidaddea-ff\/wp-json\/wp\/v2\/pages\/146","targetHints":{"allow":["GET"]}}],"collection":[{"href":"https:\/\/campusff.ms.gba.gov.ar\/comunidaddea-ff\/wp-json\/wp\/v2\/pages"}],"about":[{"href":"https:\/\/campusff.ms.gba.gov.ar\/comunidaddea-ff\/wp-json\/wp\/v2\/types\/page"}],"author":[{"embeddable":true,"href":"https:\/\/campusff.ms.gba.gov.ar\/comunidaddea-ff\/wp-json\/wp\/v2\/users\/2"}],"replies":[{"embeddable":true,"href":"https:\/\/campusff.ms.gba.gov.ar\/comunidaddea-ff\/wp-json\/wp\/v2\/comments?post=146"}],"version-history":[{"count":7,"href":"https:\/\/campusff.ms.gba.gov.ar\/comunidaddea-ff\/wp-json\/wp\/v2\/pages\/146\/revisions"}],"predecessor-version":[{"id":1064,"href":"https:\/\/campusff.ms.gba.gov.ar\/comunidaddea-ff\/wp-json\/wp\/v2\/pages\/146\/revisions\/1064"}],"wp:featuredmedia":[{"embeddable":true,"href":"https:\/\/campusff.ms.gba.gov.ar\/comunidaddea-ff\/wp-json\/wp\/v2\/media\/42"}],"wp:attachment":[{"href":"https:\/\/campusff.ms.gba.gov.ar\/comunidaddea-ff\/wp-json\/wp\/v2\/media?parent=146"}],"curies":[{"name":"wp","href":"https:\/\/api.w.org\/{rel}","templated":true}]}}